**2 + m - 1. Let i be h(1). Suppose -5*s + 5*b = 4*b - 195, 2*b = -5*s + i. List the prime factors of s.
2, 19
Let n be 9*((-2)/(-1) + -1). Suppose 368 = n*b - b. Let a = 92 - b. List the prime factors of a.
2, 23
Let i be 1 + (1 - -3)*61. Suppose 5*y - i = 2*h, 3*y + 0*y + 4*h - 121 = 0. List the prime factors of y.
47
Suppose 11758 = 17*b + 28. List the prime factors of b.
2, 3, 5, 23
Let w be -2 + (-25)/(-5) + -1. Suppose w*p = 62 + 78. What are the prime factors of p?
2, 5, 7
Let p = 2959 + -1932. What are the prime factors of p?
13, 79
Suppose a = -3*a - 16, 5*f - 171 = -a. List the prime factors of 1360/f + 3/21.
3, 13
Let p(k) = -k - 1. Let z(h) = -97*h + 23. Let v(w) = -2*p(w) + z(w). What are the prime factors of v(-3)?
2, 5, 31
Let r(u) be the second derivative of 5*u**3 + 5*u**2/2 - 9*u. What are the prime factors of r(2)?
5, 13
Let r = 1825 + -1301. Suppose -r = -5*p + 4*z, 4*p + 3*z = 2*z + 415. What are the prime factors of p?
2, 13
Let j(m) = 7*m - 8. Let y = -7 - -26. List the prime factors of j(y).
5
Let o = -4094 - -6371. List the prime factors of o.
3, 11, 23
Suppose 0 = 5*j - 1356 - 999. What are the prime factors of j?
3, 157
Suppose -3*f + 2159 = 5*a - 4*a, 5*f + 5*a = 3615. List the prime factors of f.
2, 359
Let d = -53 + 53. Suppose d*c - 84 = -c. What are the prime factors of c?
2, 3, 7
Let m = 983 - -4916. What are the prime factors of m?
17, 347
List the prime factors of 84/294 - (10300/(-14) - 2).
2, 3, 41
Suppose -6*b = -9030 - 4800. List the prime factors of b.
5, 461
Suppose 363 = 4*w + 7. Let r = w - 11. List the prime factors of r.
2, 3, 13
List the prime factors of -18 - -519 - 2/1*-2.
5, 101
Let h = 3 + -1. Suppose q = 3*q + h. What are the prime factors of q/2*(-40 - -6)?
17
Let u = 79 + 45. Suppose 0 = 6*w - 10*w + u. List the prime factors of w.
31
Let g be 12/(-30)*15*-1. Suppose 0 = 3*w - 3 + g, -w + 355 = 4*z. List the prime factors of z.
89
Suppose -b + 229 = -175. What are the prime factors of b?
2, 101
Suppose -3 = 2*u - 37. Let s(v) = -5*v - 41. Let q be s(-10). Let o = u - q. What are the prime factors of o?
2
Let z = 75 + -135. What are the prime factors of (z - -3)*(-5)/15?
19
Let k = 1 - -1. Let d(g) = -3 + 4 - 2*g + 2 + g**k - g**3 + g. What are the prime factors of d(0)?
3
Let i(z) = z**3 + 19*z**2 + 4*z - 7. List the prime factors of i(6).
7, 131
Let w(j) be the first derivative of -4 + 3/2*j**2 + j. List the prime factors of w(1).
2
Suppose -2*l = 4*p - 2*p - 10, -5*p = 2*l - 16. Suppose -6*d + p*d = -8. Suppose q - 18 = -d. List the prime factors of q.
2
What are the prime factors of (2314 - 1) + -10 + 12 + 0?
5, 463
Suppose 3 = -5*a - 4*j + 10, -5*a - 20 = -5*j. Let l be (2 - a - 8)*-1. Suppose -l*u = 3*g - 63, 13 = u + g - 0. What are the prime factors of u?
2, 3
Let d be (-45)/(-12) + 9/(-12). Let b(t) = -d*t + 13*t**3 - 4*t + 6*t + t**2. List the prime factors of b(1).
13
Let j = -46 - -467. List the prime factors of j.
421
Let y(g) = -g**2 + 6*g - 1. Let f be y(5). Let z(r) = -r**3 + 5*r**2 + 5*r - 2. List the prime factors of z(f).
2, 17
Let b be 22/5 + 14/(-35). Suppose -45 = 3*v - b*v. What are the prime factors of (34/(-5))/((-18)/v)?
17
Suppose -3*q + 185607 = 38*q. List the prime factors of q.
3, 503
Let c(y) = y**3 - 27*y**2 + 2*y - 56. Let n be c(27). List the prime factors of n - (-101 + (-4 - (-1 - 0))).
2, 3, 17
Let d = 5 + -2. Suppose -4*g = -s - 443 - 459, d*g - 4*s = 670. Suppose 0 = 7*w - g + 37. What are the prime factors of w?
3
What are the prime factors of 1824/12*2/2?
2, 19
Suppose -4*a + f + 697 = -1135, -3*a + 1361 = -4*f. What are the prime factors of a?
3, 17
List the prime factors of (-4)/3 - 6688/(-48).
2, 3, 23
Let q = -10 + -2. Let y be 30/(-4)*q/15. Suppose y*g - 4*g = 18. List the prime factors of g.
3
Suppose 73 = 2*k - 71. Suppose 0 = 14*d - 13*d - k. List the prime factors of d.
2, 3
Let u be ((-8)/12)/(4/(-18)). Suppose 0*b + b = 5*o + 53, 0 = 3*b + o - 79. List the prime factors of u + b/(4/1).
2, 5
Suppose -q + 5 - 3 = 0. Let h(v) = v**2 - 11 + 0*v + q*v + 3*v. List the prime factors of h(-7).
3
Suppose -12*w + 19*w - 8799 = 0. Suppose -w = -17*m + 579. What are the prime factors of m?
2, 3
Let r(a) = -a + 7. Let n be r(7). Let g = 4 - n. Suppose -278 = -g*f - 38. List the prime factors of f.
2, 3, 5
Suppose -4*q - 2309 = -d, 2*d + 3*q - 3499 = 1064. What are the prime factors of d?
3, 7, 109
Let g = -41 + 53. Suppose g*d - 18*d = -222. What are the prime factors of d?
37
What are the prime factors of (-8 - -10)/(4/3582)?
3, 199
Let g = -10 + 12. Let j(k) = 3 + 7*k + k**g + 5 - 4. List the prime factors of j(-8).
2, 3
Let q(o) = -6*o - 31. Let m be q(-10). Suppose 36 = 5*b - m. What are the prime factors of b?
13
Let d(b) = 8*b**2 + b + 2. Let f(a) = 1. Let g(t) = d(t) + f(t). Suppose 2*o + 10 = 5*o + m, 0 = 5*o + 2*m - 18. List the prime factors of g(o).
37
Let q = -474 - -984. What are the prime factors of q?
2, 3, 5, 17
Let a(i) = 18*i - 49. Let o(s) = 19*s - 49. Let c(u) = 3*a(u) - 2*o(u). List the prime factors of c(4).
3, 5
Suppose 5*k - 25 = 0, 0 = 5*t + 3*k - 14 - 6. Let x be (t + -7)*(-12)/8. List the prime factors of -51*x/(108/(-8)).
2, 17
List the prime factors of (21/(-4) - 10/(-40))*-13.
5, 13
Let s(k) = 6*k**2 + 7. Let b be s(5). Suppose -q - 2*j + 17 = -8, 0 = 5*q + 2*j - b. Suppose -2*h + q = h. What are the prime factors of h?
11
Let w = -1283 - -2687. What are the prime factors of w?
2, 3, 13
Suppose 24*t - 1155 = 9*t. What are the prime factors of t?
7, 11
List the prime factors of 19400/(-15)*(-6)/(-10)*-2.
2, 97
Let n(b) = 989*b**2 + 20*b + 30. What are the prime factors of n(-2)?
2, 1973
Suppose -z + 109 + 151 = 3*l, -2*l - 240 = -z. Suppose -z = 67*t - 71*t. List the prime factors of t.
2, 31
Let x(a) = -11*a**2 - 10*a + 7. Let v be x(4). Let l = 294 + v. What are the prime factors of l?
5, 17
Let z(v) = 1094*v - 3. Let j be z(1). Suppose 10*i - j = 169. What are the prime factors of i?
2, 3, 7
Suppose 4*x - 17 = -0*x - 5*p, -3*p = -x - 17. Let j(m) = -13*m - 1. Let i be j(x). List the prime factors of i/((-3)/(3/(-1))).
5
Suppose 0 = 5*l + 35 - 10, -10 = 2*y + 2*l. Suppose 8*p = 3 + 13. Suppose 4*g + y*v - 6 = p*v, -v = -1. List the prime factors of g.
2
Suppose -5*i = -2*i + 183. Let c = i - -223. What are the prime factors of c?
2, 3
Let z = 26 + -24. Suppose 5*c + 0*c = -z*f + 332, 5*c = 2*f + 348. Suppose -c = -3*w + 28. List the prime factors of w.
2
Suppose 5*o = 3*h + 449, -3*h + 167 = -2*o + 4*o. What are the prime factors of (o/(-16))/(1/(-8))?
2, 11
Suppose 4*l + 48 = -12. Let n = -6 - l. Suppose 2*b = -b + n. List the prime factors of b.
3
Let v be -20*(-1 - 2)/6. Suppose -2*m = 2*a + v, 0 = 5*m - a - 1 + 20. What are the prime factors of m/(-10) - 4896/(-85)?
2, 29
Let v = -1018 + 1491. What are the prime factors of v?
11, 43
Let c(i) = -3*i + 18. Let f be c(5). Suppose 0 = f*s - 4*g - 280, -2*s + 5*g = -141 - 34. What are the prime factors of s?
2, 5
Let m(n) = -7*n + 10. Let j(r) = 20*r - 29. Let z(i) = 3*j(i) + 8*m(i). Let q be z(3). Let a(g) = -2*g**2 + 11*g + 1. List the prime factors of a(q).
2, 3
Let b(k) = -k**3 - 6*k**2 + 8*k - 7. Let h be b(-7). List the prime factors of 654/14 - ((-24)/h + -2).
47
Let y(l) = -l**2 - 22*l + 5. Let w be y(-22). Suppose 3*h + w*s = 243, -3*s = h - 5 - 76. List the prime factors of h.
3
Let m = -201 + 327. Let g = 265 - m. List the prime factors of g.
139
Let m(k) = 5*k**2 + k. Let g be m(1). Suppose l + 1 = -4*z - g, l = 5*z + 11. What are the prime factors of -29*(l + (-8)/4)?
29
Let q be (10/(-5))/((-3)/6). Suppose -2*j - q*y = -4*j + 294, -2*y + 147 = j. List the prime factors of j.
3, 7
Let h be (-6)/((4 - 0) + (-187)/46). Suppose -v + 142 = -h. What are the prime factors of v?
2, 3, 13
Let q = 54 - 52. Let s = -7 - -14. What are the prime factors of s - q - (2 + -2)?
5
Let b(s) = 2*s**2 + 38*s + 68. What are the prime factors of b(-25)?
2, 23
Suppose 2*o = -5*x + 1860, 0 = 2*x - 4*o + 7*o - 755. What are the prime factors of x?
2, 5, 37
Suppose 514 + 306 = 4*v. Let s(q) = q**3 - 5*q**2 - 5*q + 6. Let y be s(6). Suppose -5*l + v = 3*o + o, 0 = -4*l - y. List the prime factors of o.
5, 11
Let s(y) = 2*y - 6. Suppose 4*l + 36 = 4*n, 0*l = n + 2*l - 12. Let p be s(n